 5?
-24355022235
In base 12, what is -8284 + 58?
-8228
In base 15, what is 48b + -a8c3?
-a437
In base 11, what is -700 + 1a167?
19567
In base 6, what is 100214041 - -13?
100214054
In base 14, what is 10 + 2d168a7?
2d168b7
In base 7, what is -2534 - 31043?
-33610
In base 13, what is -823ac0b - -2?
-823ac09
In base 14, what is d3 + 2a0d?
2b02
In base 6, what is 1511 - -2444141?
2450052
In base 12, what is -a3 + -1170ba?
-1171a1
In base 5, what is 1033012 + 23431?
1111443
In base 16, what is 4 + 230c21c?
230c220
In base 15, what is 704 + -540?
1b4
In base 16, what is 3df - 3c83?
-38a4
In base 3, what is -110112 - -2010012000210?
2010011120021
In base 13, what is 1 + -6b99094?
-6b99093
In base 6, what is -3300402521 - 3?
-3300402524
In base 9, what is 458 - -1125674?
1126243
In base 4, what is 1 + 320232021211?
320232021212
In base 7, what is 11240461 - -14?
11240505
In base 5, what is 2 + 3233444?
3234001
In base 10, what is 38 - 97864?
-97826
In base 14, what is 83 + -7d2c8?
-7d245
In base 7, what is -3 + 261611516?
261611513
In base 4, what is -2013 - -10010020?
10002001
In base 10, what is -41073 - 462?
-41535
In base 5, what is -11 + 4334433400?
4334433334
In base 16, what is 3f2aa7 - 4?
3f2aa3
In base 14, what is -1963 + -54c?
-20b1
In base 15, what is a + -18887d?
-188873
In base 13, what is -70c - -11794?
11085
In base 5, what is -133000 + 2231430?
2043430
In base 5, what is -221401113 - -2010?
-221344103
In base 9, what is 48704167 + -1?
48704166
In base 9, what is 616 - 2242?
-1525
In base 16, what is -1775e8f + 0?
-1775e8f
In base 13, what is -167 - -639963?
6397c9
In base 13, what is -177ba36 + -5?
-177ba3b
In base 5, what is -114244324 - -14?
-114244310
In base 3, what is -10 + -102000101202011?
-102000101202021
In base 6, what is 1340 - 134212?
-132432
In base 16, what is -8 - 256e3?
-256eb
In base 8, what is -14217434 + -4?
-14217440
In base 8, what is 51624 + -76?
51526
In base 16, what is ed22 + -2b8?
ea6a
In base 2, what is 110 - -11100001100010110010001?
11100001100010110010111
In base 15, what is 4641 - -25?
4666
In base 16, what is 5f32ed6 + 0?
5f32ed6
In base 13, what is -58489b46 - 5?
-58489b4b
In base 10, what is -138574 + 10?
-138564
In base 5, what is 2444021201 + 10?
2444021211
In base 15, what is 9a11 - 192?
986e
In base 10, what is -11672 + 80?
-11592
In base 7, what is 11135402335 - -3?
11135402341
In base 14, what is -3dcb + 522d?
1242
In base 14, what is 2a4 + d8cb8?
d917c
In base 11, what is -114 - -22237?
22123
In base 10, what is -876193 + 6?
-876187
In base 6, what is -2324524 + -111?
-2325035
In base 6, what is 2425 - 3500431?
-3454002
In base 15, what is 21 + -1e9d4?
-1e9b3
In base 13, what is -16 - a1c034?
-a1c04a
In base 8, what is -20763744 - -76?
-20763646
In base 16, what is -1 - 21e927?
-21e928
In base 15, what is -4e6a - 1e9?
-5164
In base 14, what is 144 - 68a6?
-6762
In base 2, what is -10 - 111000111111100011110110?
-111000111111100011111000
In base 2, what is -10 + 1101101101100010010111000?
1101101101100010010110110
In base 15, what is -12b - -407a?
3e4e
In base 11, what is 51 + -330a49?
-3309a8
In base 13, what is b2 + -334824?
-334742
In base 10, what is 11928 - -10846?
22774
In base 8, what is 261 - 643467?
-643206
In base 2, what is 10 - -1001000100011100111111100110?
1001000100011100111111101000
In base 8, what is 36 + 17752?
20010
In base 13, what is -1 + -178b9ba?
-178b9bb
In base 5, what is 1 - -332411412200?
332411412201
In base 15, what is -6341c8a3 - -5?
-6341c89d
In base 15, what is 88b + 46e?
d0a
In base 13, what is -105 + 6a56c?
6a467
In base 7, what is -102624 - -2?
-102622
In base 3, what is -220 - 2202121011?
-2202122001
In base 10, what is 181502 + -3813?
177689
In base 3, what is -11012 + -101220202?
-102001221
In base 7, what is -56 - -2526661?
2526602
In base 14, what is -177c58 + -15?
-177c6d
In base 9, what is -3752776 - -2?
-3752774
In base 10, what is -84677144 + -4?
-84677148
In base 8, what is -16 + 105603003?
105602765
In base 8, what is 265 - -5030?
5315
In base 3, what is -12201100002 + 21100201?
-12102222101
In base 13, what is 3a921 + 601?
3b222
In base 12, what is 12 + -967650?
-96763a
In base 5, what is -10303013 + -20104?
-10323122
In base 11, what is -1 - -1948471?
1948470
In base 3, what is -21 - -10021121011102021?
10021121011102000
In base 7, what is -54165 - -132?
-54033
In base 8, what is -1070 - -3171?
2101
In base 5, what is -302400442 + 41?
-302400401
In base 14, what is -2 - -867c8d?
867c8b
In base 12, what is 515b - 2a387?
-25228
In base 2, what is -101010101 - 1001100000000001?
-1001100101010110
In base 11, what is 38 + -21230?
-211a3
In base 11, what is -877812 + 410?
-877402
In base 5, what is -303 + 20242322?
20242014
In base 11, what is -3a3 + -46825?
-47118
In base 15, what is 2 - -1285d8?
1285da
In base 15, what is 0 + -118a09?
-118a09
In base 13, what is -c - 450119?
-450128
In base 6, what is -422514100 - 1?
-422514101
In base 11, what is -1 + 118a05407?
118a05406
In base 15, what is -b3631b + 2e?
-b362dc
In base 3, what is -120022020 + 102212110?
-10102210
In base 11, what is 1758 - 444aa?
-42852
In base 4, what is -1 + -1200021101?
-1200021102
In base 3, what is 2 + -2001111100102111?
-2001111100102102
In base 2, what is 110100001101001 - 10011011?
110011111001110
In base 13, what is 5bb53 + -497?
5b689
In base 2, what is 1000001010101111001 - 1110001100?
1000001000111101101
In base 2, what is 101 + 1011111110100011011010?
1011111110100011011111
In base 8, what is 6237034 + -12?
6237022
In base 8, what is 1 - -136727153?
136727154
In base 14, what is 4a882 - 1?
4a881
In base 8, what is 31 + 17171455?
17171506
In base 4, what is -102020 + -10233200?
-11001220
In base 9, what is 3 - -28303507?
28303511
In base 3, what is 10 - -11102200002101221?
11102200002102001
In base 8, what is 6 - -55201305?
55201313
In base 13, what is 131a198 - 8?
131a190
In base 15, what is 4 + 2331be?
2331c3
In base 11, what is 1364 - 1431?
-78
In base 13, what is -105ca6 + 41?
-105c65
In base 16, what is -41778e - -3?
-41778b
In base 4, what is -3211112 + -211121?
-10022233
In base 13, what is 5 + -506555?
-506550
In base 7, what is 160531224 + -3?
160531221
In base 13, what is 90 - 4a1b49?
-4a1a89
In base 4, what is -30 + 10100221222321?
10100221222231
In base 10, what is -1 + 45627684?
45627683
In base 3, what is 2100111022222 + 2?
2100111100001
In base 7, what is 14615530 - 1?
14615526
In base 15, what is -1 + 1967439?
1967438
In base 3, what is -12 - -20100111222101102?
20100111222101020
In base 9, what is -308012 - -133?
-307768
In base 14, what is -24c18 + 31d?
-248d9
In base 14, what is -231 - 9633?
-9864
In base 6, what is -154400 - 25125?
-223525
In base 16, what is -91977e7 - 1?
-91977e8
In base 5, what is 100412310 - -422?
100413232
In base 2, what is 1010001 + 10000101001000010?
10000101010010011
In base 13, what is 31 + -3688494?
-3688463
In base 8, what is 1052343170 + 4?
1052343174
In base 9, what is -20636621 - -3?
-20636617
In base 2, what is 101011000100001100 + 10100111111?
101011011001001011
In base 3, what is -2200 - 11011012?
-11020212
In base 2, what is -1111001110010 + 10001110001010?
10100011000
In base 9, what is 61 - -1885260?
1885331
In base 11, what is -31237470 + 4?
-31237467
In base 11, what is -4 - 551196?
-55119a
In base 15, what is -10 - 26e392?
-26e3a2
In base 12, what is -13825391 + -10?
-138253a1
In base 13, what is -3 - 2846285?
-2846288
In base 10, what is -856476 - -16?
-856460
In base 3, what is -1 - -121122111212101?
121122111212100
In base 6, what is -4 + 14254405501?
14254405453
In base 13, what is 2a5 - -2b0767?
2b0a3c
In base 16, what is -33 - 316d?
-31a0
In base 9, what is 7 - -31161606?
31161614
In base 10, what is -7415598 - -1?
-7415597
In base 9, what is -172474 - -58?
-172415
In base 12, what is 344 - 9825?
-94a1
In base 15, what is 37a38c9 + 5?
37a38ce
In base 11, what is 17805071 - -5?
17805076
In base 14, what is c2db - -180?
c47b
In base 15, what is 130e6 - -2e6?
133dc
In base 5, what is -1230 - -13430423?
13424143
In base 10, what is 81 + 58888?
58969
In base 2, what is -1100100101001010 + -110001?
-1100100101111011
In base 2, what is -1100100010100100011101000 + 101110?
-1100100010100100010111010
In base 3